- y. Let u = 46 - n. Let r(q) = q**3 + 2*q**2 + 2. Calculate r(u).
-7
Suppose -3*l + 4*c + 10 + 16 = 0, -l - c = -4. Let b be (9 + -3)/l + 1. Let q(n) = b - 3*n - 2*n - 3 - 2 + n**2. Give q(-3).
21
Let s(j) = j**3 - 7*j**2 - 17*j + 12. Let b be s(9). Let a(z) = 31*z - 51*z + b*z. Give a(-5).
-5
Suppose -156*h - 60 = -176*h. Let o(t) = 4*t. Determine o(h).
12
Let t(h) = -70 + 204 - 49 - 69 + 13*h + 2*h**2. What is t(-7)?
23
Let x(z) = -78*z - 763. Let n be x(-10). Let b(s) be the third derivative of 1/60*s**5 + n*s**2 + 0*s + 1/6*s**3 - 1/6*s**4 + 0. Give b(5).
6
Let l(m) = -m**3 - 30*m**2 - 2*m - 51. Let s be l(-30). Let c(q) = -q + 4 + s*q - 3*q - 6*q. Let j be (-2)/2 - (2 + -9). Determine c(j).
-2
Let v(t) be the first derivative of -t**2/2 - 16*t + 431. Calculate v(-20).
4
Let u(o) be the third derivative of -15 + 11/24*o**4 - o**2 - 1/60*o**5 + 0*o - 1/3*o**3. Determine u(13).
-28
Let d = -76 - -119. Let j = d + -40. Let b(t) = -45*t + j + 0 + 49*t. Calculate b(-2).
-5
Let y = 251 - 70. Let p = y - 184. Let r(a) = -a**3 - a**2 + a + 3. Give r(p).
18
Let q(m) = -44*m**2 + 1. Let o(b) = 266*b**2 + 17*b + 25. Let h(f) = -o(f) - 6*q(f). What is h(-5)?
4
Let n(j) be the second derivative of -j**4/12 - j**3 - 1026*j. Calculate n(-11).
-55
Let n(r) = -6*r**3 + 7*r**2 + 8*r + 31. Let y(q) = -6*q**3 + 9*q**2 + 10*q + 36. Let f(d) = 7*n(d) - 6*y(d). Determine f(-2).
37
Let i(z) = -z**2 + z. Let g(k) = -7*k**2 + 4*k - 1. Let t = 79 - 73. Let o(j) = t*i(j) - g(j). Suppose 2 = -5*f - 8. Determine o(f).
1
Let f(z) be the second derivative of z**5/20 + z**4/12 - 2*z**3/3 - 13*z**2/2 + z + 32. Determine f(-3).
-19
Suppose -2*z - 14 = 4*p + 4, 4*p + 48 = 4*z. Let w(r) = 17*r + 47. Calculate w(p).
-72
Let z(y) = 2*y - 10. Let s = 266 + -269. Let t(q) = -2*q + 8. Let x(r) = s*z(r) - 2*t(r). Give x(8).
-2
Let s(h) = 9*h**2 + 2*h**3 + 5*h + 10 + 6*h - 9*h + 7*h. Let k(b) = b**3. Let o(f) = k(f) - s(f). Determine o(-8).
-2
Let s(j) = -10*j - 10. Suppose 6*c = 4*c + t - 1, -c + 4*t - 18 = 0. Give s(c).
-30
Let z(k) = -200 - 534*k + 238*k + 313*k - 119. Determine z(17).
-30
Let n(i) be the first derivative of -i**3/3 + i**2/2 + 62*i - 14082. Give n(13).
-94
Let c = -6 + 8. Let m(r) = 4 + r - 5 + 1 + c*r**2 + 1. Let p be (70/(-245))/((-2)/(-14)). What is m(p)?
7
Let s(n) = 18*n - 36. Let c be (-33 + 3)*1 - -24. What is s(c)?
-144
Let k(s) = 6*s. Let b(p) = 1 + 16*p**2 + 16*p**2 - p**2 - 32*p**2. Let h(m) = -b(m) - k(m). Give h(5).
-6
Let b be 2/(((-84)/30)/(-7)). Let g(a) = 6*a - b*a + a**3 + 5*a**2 + 3 + 0*a**3 + 3. Determine g(-5).
1
Suppose 74 = x - 2*m - 3*m, 0 = 4*x + 4*m - 224. Let b = x + -41. Let g(p) = -b*p - 15*p + 56*p + 3 - 22*p. Give g(-6).
-3
Let h(n) = -n**3 + 20*n**2 + 5*n - 24. Let s(x) = 2*x**2 + x - 1. Let f(a) = h(a) - 3*s(a). Give f(14).
7
Let r(d) = -4 + 5*d - 3*d**2 - 4*d + 1 - 2*d. Let s(p) = 7*p**2 + 3*p + 5. Let x(n) = 5*r(n) + 2*s(n). Let y be (-111)/(-148) + 0 - 1/((-4)/(-3)). Give x(y).
-5
Let a(f) = -f - 8. Suppose 0 = 30*i - 76 - 104. Let g(p) = -p**3 + 6*p**2 + 2*p - 14. Let b be g(i). Determine a(b).
-6
Let t(n) = -7*n - 7. Let l be (50/(-15))/(10/3 + -3). Give t(l).
63
Let i(d) = -4*d**3 + 3*d - 1093*d**2 + 1092*d**2 + 2*d + 1. Let c(p) = 5*p**3 + 2*p**2 - 5*p - 1. Let b(o) = 3*c(o) + 4*i(o). Calculate b(4).
-11
Let l(o) be the first derivative of o**4/4 + 19*o**3/3 + o**2/2 + 30*o + 6917. What is l(-19)?
11
Let x(f) = 5*f**2 - 27*f - 13. Let h(i) = 4*i**2 - 26*i - 13. Let k(t) = -6*h(t) + 5*x(t). Let n be 31/((-930)/48)*50/4. Determine k(n).
-7
Let x be ((9/(-12))/(35/(-40)))/((-17)/(-238)). Let n(f) = -f - 8. Let b(w) = 4*w + 24. Let g(l) = 2*b(l) + 7*n(l). Determine g(x).
4
Let m(h) = -2*h**2 - 2*h + 2. Suppose 16*g - 148 = 12*g. Suppose 34*s - 6 = g*s. Calculate m(s).
-2
Suppose 25*z - 55 = 20*z. Suppose 4*j = -j - s + z, 4*s = j - 19. Let y(b) = -b**3 + 4*b**2 - b + 1. What is y(j)?
7
Let l be (4/10)/(16/120). Let v(j) = -3*j**2 - 5*j - 13. Let n(k) = k**2 + 2*k + 6. Let o(r) = -7*n(r) - 3*v(r). What is o(l)?
18
Let m(y) = -2*y**3 + y**2 - 2*y + 3. Let k(r) = -r**3 + 7*r**2 - 17*r + 15. Let f be k(3). What is m(f)?
3
Let j = -161 + 164. Suppose u - 4*s + 13 = 0, 5*u + j*s = -s - 17. Let m(l) = -l**2 - 4*l + 5. Give m(u).
0
Let r be (-4)/3*21/(-14). Suppose 2*s = 4*i - 16, 2*s = -11*i + 8*i - r. Let c(b) = -23*b + 17. Let z(j) = 8*j - 6. Let a(u) = 6*c(u) + 17*z(u). Give a(s).
8
Let l(m) = -4*m - 47. Let x be l(-14). Let a(o) be the third derivative of -o**6/120 + o**5/6 - 3*o**4/8 + 7*o**3/6 - 2*o**2 - 18*o. Determine a(x).
7
Let y(x) = 2*x**3 + 32*x**2 - x + 1. Let p(t) = 14*t**3 + 219*t**2 - 23*t - 23. Let m(o) = -p(o) + 6*y(o). What is m(-14)?
-13
Suppose 18 = -11*p + 8*p. Let t(i) = -i + 8*i - i**3 + 13*i**2 - 12*i - 9*i**2 - 11*i**2. Calculate t(p).
-6
Suppose -4*k - 7*v = 4 - 24, -2*v + 4 = k. Let d(g) be the first derivative of -g**2 + k + 1/4*g**4 + 2/3*g**3 + 2*g. Calculate d(-3).
-1
Let h(s) = 2*s**3 - 85*s**2 + 42*s - 23. Let q = -21070 - -21112. Determine h(q).
-23
Let h be 74/9 - (-2)/(-9). Let q(d) be the third derivative of -1/60*d**5 - 3/2*d**3 + 0*d + 0 + 126*d**2 + 5/12*d**4. Calculate q(h).
7
Let t(n) be the second derivative of n**6/360 + n**5/30 + 2*n**4/3 - 7*n**2/2 + 10*n + 2. Let p(x) be the third derivative of t(x). Give p(2).
8
Suppose -16 = 2*d - 4*q, 0 = 2*d + 2*q - 0*q - 8. Let k(a) = 4*a + d + 2*a**2 - 1 - 3. Suppose 5*b = 166 - 186. Calculate k(b).
12
Let l(d) be the second derivative of d**3/6 - 22*d**2 - 3210*d. Determine l(33).
-11
Suppose a + 5*m - 12 = 0, -5*a + a = -4*m. Suppose -a + 7 = -5*z. Let y(d) = 67 - 139 - 2*d**2 + 73 + 7*d**3. Determine y(z).
-8
Let d(n) be the third derivative of -n**6/120 + 11*n**5/60 - 11*n**4/24 - 13*n**3/6 - 2*n**2 - 321*n. Give d(10).
-23
Let g(d) = d**2 + d - 16. Let n(f) = -f**2 - f + 16. Let h(y) = 5*g(y) + 6*n(y). Let c be (70/(-70))/((3/15)/1). Calculate h(c).
-4
Let o(u) = 4*u**3 + 9*u**2 - 4*u - 26. Let i(b) = 3*b**3 + 7*b**2 - 3*b - 23. Let x(k) = 5*i(k) - 4*o(k). Give x(0).
-11
Let q(n) be the third derivative of -n**4/24 + 9*n**3 + n**2 - 10. Calculate q(0).
54
Let q(i) = 6*i**2 - i. Let p = 7677 + -7678. Calculate q(p).
7
Let x(u) = 9*u + 3. Let q be (6 - (-2 + 4))/((-14)/(-14)). Suppose -q*s - 18 = -5*g, 0 = -5*s + 3*g - 2*g - 12. Determine x(s).
-15
Let p(y) = -y**2 + 8*y + 2. Let l(v) = -6*v**3 + 3*v**2 - 3*v - 5. Let m(b) = 32*b - 97. Let h be m(3). Let j be l(h). Give p(j).
9
Let x(u) = -17*u - 11. Let d(n) = 6*n + 5. Let j(c) = 5*d(c) + 2*x(c). Suppose 19*v - 22*v - 66 = 0. Let w = -25 - v. What is j(w)?
15
Suppose -2*t = -d - 21, 276*t + d - 21 = 272*t. Let z(x) = -3*x**2 + 6*x + 16. What is z(t)?
-89
Let b = 664 + -659. Suppose -s - 13 = 4*p, -10*s - 2*p - b = -11*s. Let y(q) = -3*q**2 - 2*q - 1. What is y(s)?
-2
Let x(z) = z**2 - z + 2. Let d(u) = 6*u**2 - 7*u + 10. Let f(k) = d(k) - 5*x(k). Let r(c) = -3*c**2 - c - 1. Let t be r(-2). Let q = t + 14. Determine f(q).
3
Let j(h) = h**2 + 3*h + 6. Let y(c) = -c**2 - c - 1. Let b(v) = -j(v) - 3*y(v). Let r(p) = p**2 - 170*p + 664. Let o be r(4). Give b(o).
-3
Let y = -13 - -4. Let c(z) = -z**3 - 8*z**2 + 49*z + 8. Let f(m) = -m**2 - 28*m + 2. Let b(v) = c(v) + 2*f(v). What is b(y)?
-6
Let o(m) be the second derivative of -m**3/3 - m. Let s = 182 + -178. Suppose 2*r + s*v = 4, -5*r - v + 10 = -6*v. Determine o(r).
-4
Suppose n = 3*t - 2, 3*n + t + 4 = n. Let r(v) = 1 + 3*v - 10*v**2 + 6*v**2 - 3*v. Calculate r(n).
-15
Let i(s) = -2*s + 43. Suppose 49*k - 65 - 964 = 0. What is i(k)?
1
Suppose -p + 20 = 2*z - 2*p, 3*z = 3*p + 36. Let u(r) = 7*r + 7 + 6936*r**2 - 7698*r**2 + 761*r**2. Give u(z).
-1
Let i be 6/(-12) + 1 + 3/(-6). Let a(j) = 1237 - 1240 + i*j + j**2 + 3*j. Give a(2).
7
Let n(s) be the first derivative of -s**5/120 - 13*s**4/24 - 58*s**3/3 - 48. Let l(j) be the third derivative of n(j). Give l(-6).
-7
Let q(f) = f**3 + 4*f**2 + f + 5. Let g be q(-4). Let h(p) = -p**3 - 12*p**2 - 9*p + 24. Let i be h(-11). Let y(a) = -3*a**2 - i + 2 - 6*a**2 + g. Give y(1).
-8
Let h(x) = 134*x + 46. Let z(t) = -149*t - 47. Let u(n) = 10*h(n) + 9*z(n). Give u(35).
2
Let d = 133 - 130. Suppose 0 = -s - d*s - 12. Let p(t) = -t - 2*t - 4 + 5 + 2*t. Determine p(s).
4
Let z(k) = -k**3 - 7*k**2 + 7*k 